{"id":3119,"date":"2020-08-06T09:45:14","date_gmt":"2020-08-06T07:45:14","guid":{"rendered":"https:\/\/www.seg-online.de\/home\/?page_id=3119"},"modified":"2023-04-03T16:08:33","modified_gmt":"2023-04-03T14:08:33","slug":"historie","status":"publish","type":"page","link":"https:\/\/www.seg-online.de\/home\/historie\/","title":{"rendered":"Historie"},"content":{"rendered":"\t\t<div data-elementor-type=\"wp-post\" data-elementor-id=\"3119\" class=\"elementor elementor-3119\">\n\t\t\t\t\t\t<section class=\"elementor-section elementor-top-section elementor-element elementor-element-acf75ac elementor-section-boxed elementor-section-height-default elementor-section-height-default\" data-id=\"acf75ac\" data-element_type=\"section\" data-settings=\"{&quot;background_background&quot;:&quot;classic&quot;}\">\n\t\t\t\t\t\t<div class=\"elementor-container elementor-column-gap-default\">\n\t\t\t\t\t<div class=\"elementor-column elementor-col-50 elementor-top-column elementor-element elementor-element-a632ec8\" data-id=\"a632ec8\" data-element_type=\"column\">\n\t\t\t<div class=\"elementor-widget-wrap elementor-element-populated\">\n\t\t\t\t\t\t<div class=\"elementor-element elementor-element-c8fd158 elementor-widget elementor-widget-spacer\" data-id=\"c8fd158\" data-element_type=\"widget\" data-widget_type=\"spacer.default\">\n\t\t\t\t<div class=\"elementor-widget-container\">\n\t\t\t\t\t\t\t<div class=\"elementor-spacer\">\n\t\t\t<div class=\"elementor-spacer-inner\"><\/div>\n\t\t<\/div>\n\t\t\t\t\t\t<\/div>\n\t\t\t\t<\/div>\n\t\t\t\t<div class=\"elementor-element elementor-element-c75a0b5 elementor-widget elementor-widget-image\" data-id=\"c75a0b5\" data-element_type=\"widget\" data-widget_type=\"image.default\">\n\t\t\t\t<div class=\"elementor-widget-container\">\n\t\t\t\t\t\t\t\t\t\t\t\t\t\t\t<img fetchpriority=\"high\" decoding=\"async\" width=\"900\" height=\"904\" src=\"https:\/\/www.seg-online.de\/home\/wp-content\/uploads\/2020\/03\/seg-unternehmen-umweltschutz.jpg\" class=\"attachment-full size-full wp-image-2035\" alt=\"SEG Unternehmen Umweltschutz\" srcset=\"https:\/\/www.seg-online.de\/home\/wp-content\/uploads\/2020\/03\/seg-unternehmen-umweltschutz.jpg 900w, https:\/\/www.seg-online.de\/home\/wp-content\/uploads\/2020\/03\/seg-unternehmen-umweltschutz-150x150.jpg 150w, https:\/\/www.seg-online.de\/home\/wp-content\/uploads\/2020\/03\/seg-unternehmen-umweltschutz-300x300.jpg 300w, https:\/\/www.seg-online.de\/home\/wp-content\/uploads\/2020\/03\/seg-unternehmen-umweltschutz-768x771.jpg 768w, https:\/\/www.seg-online.de\/home\/wp-content\/uploads\/2020\/03\/seg-unternehmen-umweltschutz-120x120.jpg 120w\" sizes=\"(max-width: 900px) 100vw, 900px\" title=\"\" \/>\t\t\t\t\t\t\t\t\t\t\t\t\t\t\t<\/div>\n\t\t\t\t<\/div>\n\t\t\t\t<div class=\"elementor-element elementor-element-4533b69 elementor-hidden-phone elementor-widget elementor-widget-spacer\" data-id=\"4533b69\" data-element_type=\"widget\" data-widget_type=\"spacer.default\">\n\t\t\t\t<div class=\"elementor-widget-container\">\n\t\t\t\t\t\t\t<div class=\"elementor-spacer\">\n\t\t\t<div class=\"elementor-spacer-inner\"><\/div>\n\t\t<\/div>\n\t\t\t\t\t\t<\/div>\n\t\t\t\t<\/div>\n\t\t\t\t\t<\/div>\n\t\t<\/div>\n\t\t\t\t<div class=\"elementor-column elementor-col-50 elementor-top-column elementor-element elementor-element-bbec987\" data-id=\"bbec987\" data-element_type=\"column\">\n\t\t\t<div class=\"elementor-widget-wrap elementor-element-populated\">\n\t\t\t\t\t\t<div class=\"elementor-element elementor-element-dc12204 elementor-widget elementor-widget-spacer\" data-id=\"dc12204\" data-element_type=\"widget\" data-widget_type=\"spacer.default\">\n\t\t\t\t<div class=\"elementor-widget-container\">\n\t\t\t\t\t\t\t<div class=\"elementor-spacer\">\n\t\t\t<div class=\"elementor-spacer-inner\"><\/div>\n\t\t<\/div>\n\t\t\t\t\t\t<\/div>\n\t\t\t\t<\/div>\n\t\t\t\t<div class=\"elementor-element-custom_font_size elementor-element-custom_line_height elementor-element-custom_color elementor-element elementor-element-ffcc253 elementor-widget elementor-widget-text-editor\" data-id=\"ffcc253\" data-element_type=\"widget\" data-widget_type=\"text-editor.default\">\n\t\t\t\t<div class=\"elementor-widget-container\">\n\t\t\t\t\t\t\t\t\t<h3>SEG: Klimaschutz, Qualit\u00e4t und Zukunft<\/h3>\t\t\t\t\t\t\t\t<\/div>\n\t\t\t\t<\/div>\n\t\t\t\t<div class=\"elementor-element-custom_color elementor-element elementor-element-14a8e66 elementor-widget elementor-widget-text-editor\" data-id=\"14a8e66\" data-element_type=\"widget\" data-widget_type=\"text-editor.default\">\n\t\t\t\t<div class=\"elementor-widget-container\">\n\t\t\t\t\t\t\t\t\t<p>Seit ihrer Gr\u00fcndung im Jahr 1987 in Mettlach an der Saar besch\u00e4ftigt sich die SEG Umwelt-Service GmbH mit <b>Ressourcenschonung<\/b> und <b>Klimaschutz<\/b>.<\/p>\n<p>Ende der 80er Jahre r\u00fcckte das hohe Gef\u00e4hdungspotential von FCKW \/ KW mehr und mehr in den Mittelpunkt \u00f6kologischer Diskussionen. SEG machte die <b>R\u00fcckgewinnung<\/b> dieser Stoffe aus alten K\u00fchlger\u00e4ten zu ihrem Gesch\u00e4ftsschwerpunkt.<\/p>\n<p>Anfangs war ein vollst\u00e4ndiges R\u00fcckgewinnen der FCKW \/ KW technisch nicht m\u00f6glich, weshalb SEG es sich zur Aufgabe machte, eine spezielle Technologie zu entwickeln, die m\u00f6glichst alle FCKW \/ KW aus Altger\u00e4ten entfernen konnte. Diese Technologie zum Extrahieren und schadlosen Vernichten der ozonsch\u00e4digenden Fluorchlorkohlenwasserstoffe wird bis heute st\u00e4ndig von uns weiter optimiert.<\/p>\t\t\t\t\t\t\t\t<\/div>\n\t\t\t\t<\/div>\n\t\t\t\t<div class=\"elementor-element elementor-element-c4e78c5 elementor-widget elementor-widget-spacer\" data-id=\"c4e78c5\" data-element_type=\"widget\" data-widget_type=\"spacer.default\">\n\t\t\t\t<div class=\"elementor-widget-container\">\n\t\t\t\t\t\t\t<div class=\"elementor-spacer\">\n\t\t\t<div class=\"elementor-spacer-inner\"><\/div>\n\t\t<\/div>\n\t\t\t\t\t\t<\/div>\n\t\t\t\t<\/div>\n\t\t\t\t\t<\/div>\n\t\t<\/div>\n\t\t\t\t\t<\/div>\n\t\t<\/section>\n\t\t\t\t<\/div>\n\t\t","protected":false},"excerpt":{"rendered":"<p>SEG: Klimaschutz, Qualit\u00e4t und Zukunft Seit ihrer Gr\u00fcndung im Jahr 1987 in Mettlach an der Saar besch\u00e4ftigt sich die SEG Umwelt-Service GmbH mit Ressourcenschonung und Klimaschutz. Ende der 80er Jahre r\u00fcckte das hohe Gef\u00e4hdungspotential von FCKW \/ KW mehr und mehr in den Mittelpunkt \u00f6kologischer Diskussionen. SEG machte die R\u00fcckgewinnung dieser Stoffe aus alten K\u00fchlger\u00e4ten [&hellip;]<\/p>\n","protected":false},"author":1,"featured_media":0,"parent":0,"menu_order":0,"comment_status":"closed","ping_status":"closed","template":"","meta":{"footnotes":""},"class_list":["post-3119","page","type-page","status-publish","hentry"],"_links":{"self":[{"href":"https:\/\/www.seg-online.de\/home\/wp-json\/wp\/v2\/pages\/3119","targetHints":{"allow":["GET"]}}],"collection":[{"href":"https:\/\/www.seg-online.de\/home\/wp-json\/wp\/v2\/pages"}],"about":[{"href":"https:\/\/www.seg-online.de\/home\/wp-json\/wp\/v2\/types\/page"}],"author":[{"embeddable":true,"href":"https:\/\/www.seg-online.de\/home\/wp-json\/wp\/v2\/users\/1"}],"replies":[{"embeddable":true,"href":"https:\/\/www.seg-online.de\/home\/wp-json\/wp\/v2\/comments?post=3119"}],"version-history":[{"count":13,"href":"https:\/\/www.seg-online.de\/home\/wp-json\/wp\/v2\/pages\/3119\/revisions"}],"predecessor-version":[{"id":3523,"href":"https:\/\/www.seg-online.de\/home\/wp-json\/wp\/v2\/pages\/3119\/revisions\/3523"}],"wp:attachment":[{"href":"https:\/\/www.seg-online.de\/home\/wp-json\/wp\/v2\/media?parent=3119"}],"curies":[{"name":"wp","href":"https:\/\/api.w.org\/{rel}","templated":true}]}}