{"id":2786,"date":"2019-10-22T17:00:06","date_gmt":"2019-10-22T15:00:06","guid":{"rendered":"https:\/\/www.seg-online.de\/home\/unternehmen\/"},"modified":"2023-04-04T12:12:55","modified_gmt":"2023-04-04T10:12:55","slug":"unternehmen","status":"publish","type":"page","link":"https:\/\/www.seg-online.de\/home\/unternehmen-fr\/?lang=fr","title":{"rendered":"Entreprise"},"content":{"rendered":"\t\t<div data-elementor-type=\"wp-post\" data-elementor-id=\"2786\" class=\"elementor elementor-2786\">\n\t\t\t\t\t\t<section class=\"elementor-section elementor-top-section elementor-element elementor-element-acf75ac elementor-section-boxed elementor-section-height-default elementor-section-height-default\" data-id=\"acf75ac\" data-element_type=\"section\" data-settings=\"{&quot;background_background&quot;:&quot;classic&quot;}\">\n\t\t\t\t\t\t<div class=\"elementor-container elementor-column-gap-default\">\n\t\t\t\t\t<div class=\"elementor-column elementor-col-50 elementor-top-column elementor-element elementor-element-a632ec8\" data-id=\"a632ec8\" data-element_type=\"column\">\n\t\t\t<div class=\"elementor-widget-wrap elementor-element-populated\">\n\t\t\t\t\t\t<div class=\"elementor-element elementor-element-c8fd158 elementor-widget elementor-widget-spacer\" data-id=\"c8fd158\" data-element_type=\"widget\" data-widget_type=\"spacer.default\">\n\t\t\t\t<div class=\"elementor-widget-container\">\n\t\t\t\t\t\t\t<div class=\"elementor-spacer\">\n\t\t\t<div class=\"elementor-spacer-inner\"><\/div>\n\t\t<\/div>\n\t\t\t\t\t\t<\/div>\n\t\t\t\t<\/div>\n\t\t\t\t<div class=\"elementor-element elementor-element-c75a0b5 elementor-widget elementor-widget-image\" data-id=\"c75a0b5\" data-element_type=\"widget\" data-widget_type=\"image.default\">\n\t\t\t\t<div class=\"elementor-widget-container\">\n\t\t\t\t\t\t\t\t\t\t\t\t\t\t\t<img fetchpriority=\"high\" decoding=\"async\" width=\"900\" height=\"904\" src=\"https:\/\/www.seg-online.de\/home\/wp-content\/uploads\/2020\/03\/seg-unternehmen-umweltschutz.jpg\" class=\"attachment-full size-full wp-image-2035\" alt=\"SEG Unternehmen Umweltschutz\" srcset=\"https:\/\/www.seg-online.de\/home\/wp-content\/uploads\/2020\/03\/seg-unternehmen-umweltschutz.jpg 900w, https:\/\/www.seg-online.de\/home\/wp-content\/uploads\/2020\/03\/seg-unternehmen-umweltschutz-150x150.jpg 150w, https:\/\/www.seg-online.de\/home\/wp-content\/uploads\/2020\/03\/seg-unternehmen-umweltschutz-300x300.jpg 300w, https:\/\/www.seg-online.de\/home\/wp-content\/uploads\/2020\/03\/seg-unternehmen-umweltschutz-768x771.jpg 768w, https:\/\/www.seg-online.de\/home\/wp-content\/uploads\/2020\/03\/seg-unternehmen-umweltschutz-120x120.jpg 120w\" sizes=\"(max-width: 900px) 100vw, 900px\" title=\"\" \/>\t\t\t\t\t\t\t\t\t\t\t\t\t\t\t<\/div>\n\t\t\t\t<\/div>\n\t\t\t\t<div class=\"elementor-element elementor-element-4533b69 elementor-hidden-phone elementor-widget elementor-widget-spacer\" data-id=\"4533b69\" data-element_type=\"widget\" data-widget_type=\"spacer.default\">\n\t\t\t\t<div class=\"elementor-widget-container\">\n\t\t\t\t\t\t\t<div class=\"elementor-spacer\">\n\t\t\t<div class=\"elementor-spacer-inner\"><\/div>\n\t\t<\/div>\n\t\t\t\t\t\t<\/div>\n\t\t\t\t<\/div>\n\t\t\t\t\t<\/div>\n\t\t<\/div>\n\t\t\t\t<div class=\"elementor-column elementor-col-50 elementor-top-column elementor-element elementor-element-bbec987\" data-id=\"bbec987\" data-element_type=\"column\">\n\t\t\t<div class=\"elementor-widget-wrap elementor-element-populated\">\n\t\t\t\t\t\t<div class=\"elementor-element elementor-element-dc12204 elementor-widget elementor-widget-spacer\" data-id=\"dc12204\" data-element_type=\"widget\" data-widget_type=\"spacer.default\">\n\t\t\t\t<div class=\"elementor-widget-container\">\n\t\t\t\t\t\t\t<div class=\"elementor-spacer\">\n\t\t\t<div class=\"elementor-spacer-inner\"><\/div>\n\t\t<\/div>\n\t\t\t\t\t\t<\/div>\n\t\t\t\t<\/div>\n\t\t\t\t<div class=\"elementor-element-custom_font_size elementor-element-custom_line_height elementor-element-custom_color elementor-element elementor-element-ffcc253 elementor-widget elementor-widget-text-editor\" data-id=\"ffcc253\" data-element_type=\"widget\" data-widget_type=\"text-editor.default\">\n\t\t\t\t<div class=\"elementor-widget-container\">\n\t\t\t\t\t\t\t\t\t<h3>SEG: Protection du climat, qualit\u00e9 et avenir\u00a0\n<\/h3>\t\t\t\t\t\t\t\t<\/div>\n\t\t\t\t<\/div>\n\t\t\t\t<div class=\"elementor-element-custom_color elementor-element elementor-element-14a8e66 elementor-widget elementor-widget-text-editor\" data-id=\"14a8e66\" data-element_type=\"widget\" data-widget_type=\"text-editor.default\">\n\t\t\t\t<div class=\"elementor-widget-container\">\n\t\t\t\t\t\t\t\t\t<p>Depuis sa cr\u00e9ation en 1987 \u00e0 Mettlach sur la Saar, la SEG Umwelt-Service GmbH se pr\u00e9occupe de pr\u00e9servation de <strong>ressources et la protection<\/strong> du <strong>climat<\/strong>. A la fin de ann\u00e9es 80, le danger potentiel de FCKW \/ KW devenait de plus en plus le centre d\u2019int\u00e9r\u00eat de discussions \u00e9cologiques. SEG faisait de <strong>la r\u00e9cup\u00e9ration<\/strong> de ces substances dans de vieux appareils frigorifiques sa priorit\u00e9 commerciale. Au d\u00e9but, une r\u00e9cup\u00e9ration compl\u00e8te de FCKW \/ KW n\u2019est techniquement pas possible, c\u2019est donc pour cette raison que SEG relevait la t\u00e2che de d\u00e9velopper une technologie sp\u00e9cifique qui pourrait si possible enlever tous les FCKW \/ KW de vieux appareils. Nous optimisons en permanence jusqu\u2019\u00e0 aujourd\u2019hui cette technologie pour l\u2019extraction et la destruction sans dommages des chlorofluorocarbones dangereux pour la couche d\u2019ozone.<\/p>\t\t\t\t\t\t\t\t<\/div>\n\t\t\t\t<\/div>\n\t\t\t\t<div class=\"elementor-element elementor-element-c4e78c5 elementor-widget elementor-widget-spacer\" data-id=\"c4e78c5\" data-element_type=\"widget\" data-widget_type=\"spacer.default\">\n\t\t\t\t<div class=\"elementor-widget-container\">\n\t\t\t\t\t\t\t<div class=\"elementor-spacer\">\n\t\t\t<div class=\"elementor-spacer-inner\"><\/div>\n\t\t<\/div>\n\t\t\t\t\t\t<\/div>\n\t\t\t\t<\/div>\n\t\t\t\t<div class=\"elementor-element elementor-element-d2f0b20 elementor-hidden-tablet elementor-hidden-phone elementor-widget elementor-widget-spacer\" data-id=\"d2f0b20\" data-element_type=\"widget\" data-widget_type=\"spacer.default\">\n\t\t\t\t<div class=\"elementor-widget-container\">\n\t\t\t\t\t\t\t<div class=\"elementor-spacer\">\n\t\t\t<div class=\"elementor-spacer-inner\"><\/div>\n\t\t<\/div>\n\t\t\t\t\t\t<\/div>\n\t\t\t\t<\/div>\n\t\t\t\t\t<\/div>\n\t\t<\/div>\n\t\t\t\t\t<\/div>\n\t\t<\/section>\n\t\t\t\t<section class=\"elementor-section elementor-top-section elementor-element elementor-element-dc76d4d elementor-section-boxed elementor-section-height-default elementor-section-height-default\" data-id=\"dc76d4d\" data-element_type=\"section\" data-settings=\"{&quot;background_background&quot;:&quot;classic&quot;}\">\n\t\t\t\t\t\t<div class=\"elementor-container elementor-column-gap-default\">\n\t\t\t\t\t<div class=\"elementor-column elementor-col-50 elementor-top-column elementor-element elementor-element-55cb4bd\" data-id=\"55cb4bd\" data-element_type=\"column\">\n\t\t\t<div class=\"elementor-widget-wrap elementor-element-populated\">\n\t\t\t\t\t\t<div class=\"elementor-element elementor-element-3304fd7 elementor-widget elementor-widget-spacer\" data-id=\"3304fd7\" data-element_type=\"widget\" data-widget_type=\"spacer.default\">\n\t\t\t\t<div class=\"elementor-widget-container\">\n\t\t\t\t\t\t\t<div class=\"elementor-spacer\">\n\t\t\t<div class=\"elementor-spacer-inner\"><\/div>\n\t\t<\/div>\n\t\t\t\t\t\t<\/div>\n\t\t\t\t<\/div>\n\t\t\t\t<div class=\"elementor-element-custom_font_size elementor-element-custom_line_height elementor-element-custom_color elementor-element elementor-element-59123e7 elementor-widget elementor-widget-text-editor\" data-id=\"59123e7\" data-element_type=\"widget\" data-widget_type=\"text-editor.default\">\n\t\t\t\t<div class=\"elementor-widget-container\">\n\t\t\t\t\t\t\t\t\t<h2>Pr\u00e9servation de ressources par l\u2019\u00e9conomie circulaire\n<\/h2>\t\t\t\t\t\t\t\t<\/div>\n\t\t\t\t<\/div>\n\t\t\t\t<div class=\"elementor-element-custom_color elementor-element elementor-element-fca3a92 elementor-widget elementor-widget-text-editor\" data-id=\"fca3a92\" data-element_type=\"widget\" data-widget_type=\"text-editor.default\">\n\t\t\t\t<div class=\"elementor-widget-container\">\n\t\t\t\t\t\t\t\t\t<p>Le syst\u00e8me SEG d\u00e9finit des standards d\u00e9cisifs pour une \u00e9conomie circulaire d\u2019appareils frigorifiques responsable et durable par un vaste recyclage. La technologie de Mettlach est appliqu\u00e9e dans toute l\u2019Europe : le recyclage d\u2019appareils frigorifiques pr\u00e9servant les ressources le syst\u00e8me SEG a des parts de march\u00e9 importants entre autres en France, au Luxembourg, l\u2019Autriche, la Suisse, la R\u00e9publique tch\u00e8que, la Gr\u00e8ce, la Finlande et la Su\u00e8de.<\/p>\t\t\t\t\t\t\t\t<\/div>\n\t\t\t\t<\/div>\n\t\t\t\t<div class=\"elementor-element elementor-element-0ff4b95 elementor-widget elementor-widget-spacer\" data-id=\"0ff4b95\" data-element_type=\"widget\" data-widget_type=\"spacer.default\">\n\t\t\t\t<div class=\"elementor-widget-container\">\n\t\t\t\t\t\t\t<div class=\"elementor-spacer\">\n\t\t\t<div class=\"elementor-spacer-inner\"><\/div>\n\t\t<\/div>\n\t\t\t\t\t\t<\/div>\n\t\t\t\t<\/div>\n\t\t\t\t<div class=\"elementor-element elementor-element-567da94 elementor-hidden-tablet elementor-hidden-phone elementor-widget elementor-widget-spacer\" data-id=\"567da94\" data-element_type=\"widget\" data-widget_type=\"spacer.default\">\n\t\t\t\t<div class=\"elementor-widget-container\">\n\t\t\t\t\t\t\t<div class=\"elementor-spacer\">\n\t\t\t<div class=\"elementor-spacer-inner\"><\/div>\n\t\t<\/div>\n\t\t\t\t\t\t<\/div>\n\t\t\t\t<\/div>\n\t\t\t\t\t<\/div>\n\t\t<\/div>\n\t\t\t\t<div class=\"elementor-column elementor-col-50 elementor-top-column elementor-element elementor-element-6c3b466\" data-id=\"6c3b466\" data-element_type=\"column\">\n\t\t\t<div class=\"elementor-widget-wrap elementor-element-populated\">\n\t\t\t\t\t\t<div class=\"elementor-element elementor-element-6725a6b elementor-hidden-phone elementor-widget elementor-widget-spacer\" data-id=\"6725a6b\" data-element_type=\"widget\" data-widget_type=\"spacer.default\">\n\t\t\t\t<div class=\"elementor-widget-container\">\n\t\t\t\t\t\t\t<div class=\"elementor-spacer\">\n\t\t\t<div class=\"elementor-spacer-inner\"><\/div>\n\t\t<\/div>\n\t\t\t\t\t\t<\/div>\n\t\t\t\t<\/div>\n\t\t\t\t<div class=\"elementor-element elementor-element-2391ee5 elementor-invisible elementor-widget elementor-widget-image\" data-id=\"2391ee5\" data-element_type=\"widget\" data-settings=\"{&quot;_animation&quot;:&quot;rotateIn&quot;,&quot;_animation_delay&quot;:300}\" data-widget_type=\"image.default\">\n\t\t\t\t<div class=\"elementor-widget-container\">\n\t\t\t\t\t\t\t\t\t\t\t\t\t\t\t<img decoding=\"async\" width=\"600\" height=\"608\" src=\"https:\/\/www.seg-online.de\/home\/wp-content\/uploads\/2019\/09\/verwertungskreislauf.png\" class=\"attachment-full size-full wp-image-1800\" alt=\"Verwertungskreislauf\" srcset=\"https:\/\/www.seg-online.de\/home\/wp-content\/uploads\/2019\/09\/verwertungskreislauf.png 600w, https:\/\/www.seg-online.de\/home\/wp-content\/uploads\/2019\/09\/verwertungskreislauf-296x300.png 296w\" sizes=\"(max-width: 600px) 100vw, 600px\" title=\"\" \/>\t\t\t\t\t\t\t\t\t\t\t\t\t\t\t<\/div>\n\t\t\t\t<\/div>\n\t\t\t\t\t<\/div>\n\t\t<\/div>\n\t\t\t\t\t<\/div>\n\t\t<\/section>\n\t\t\t\t<section class=\"elementor-section elementor-top-section elementor-element elementor-element-73a9d09 elementor-section-boxed elementor-section-height-default elementor-section-height-default\" data-id=\"73a9d09\" data-element_type=\"section\" data-settings=\"{&quot;background_background&quot;:&quot;classic&quot;}\">\n\t\t\t\t\t\t<div class=\"elementor-container elementor-column-gap-default\">\n\t\t\t\t\t<div class=\"elementor-column elementor-col-100 elementor-top-column elementor-element elementor-element-2572634\" data-id=\"2572634\" data-element_type=\"column\">\n\t\t\t<div class=\"elementor-widget-wrap elementor-element-populated\">\n\t\t\t\t\t\t<div class=\"elementor-element elementor-element-10790e8 elementor-widget elementor-widget-spacer\" data-id=\"10790e8\" data-element_type=\"widget\" data-widget_type=\"spacer.default\">\n\t\t\t\t<div class=\"elementor-widget-container\">\n\t\t\t\t\t\t\t<div class=\"elementor-spacer\">\n\t\t\t<div class=\"elementor-spacer-inner\"><\/div>\n\t\t<\/div>\n\t\t\t\t\t\t<\/div>\n\t\t\t\t<\/div>\n\t\t\t\t<div class=\"elementor-element-custom_font_size elementor-element-custom_line_height elementor-element-custom_color elementor-element elementor-element-a27e1d2 elementor-widget elementor-widget-text-editor\" data-id=\"a27e1d2\" data-element_type=\"widget\" data-widget_type=\"text-editor.default\">\n\t\t\t\t<div class=\"elementor-widget-container\">\n\t\t\t\t\t\t\t\t\t<h2>Les secteurs d\u2019exploitation de SEG sur le site central de Mettlach<\/h2>\t\t\t\t\t\t\t\t<\/div>\n\t\t\t\t<\/div>\n\t\t\t\t\t<\/div>\n\t\t<\/div>\n\t\t\t\t\t<\/div>\n\t\t<\/section>\n\t\t\t\t<section class=\"elementor-section elementor-top-section elementor-element elementor-element-190e975 elementor-section-boxed elementor-section-height-default elementor-section-height-default\" data-id=\"190e975\" data-element_type=\"section\" data-settings=\"{&quot;background_background&quot;:&quot;classic&quot;}\">\n\t\t\t\t\t\t<div class=\"elementor-container elementor-column-gap-default\">\n\t\t\t\t\t<div class=\"elementor-column elementor-col-33 elementor-top-column elementor-element elementor-element-2ca5832\" data-id=\"2ca5832\" data-element_type=\"column\">\n\t\t\t<div class=\"elementor-widget-wrap elementor-element-populated\">\n\t\t\t\t\t\t<div class=\"elementor-element elementor-element-2dc09e3 elementor-widget elementor-widget-spacer\" data-id=\"2dc09e3\" data-element_type=\"widget\" data-widget_type=\"spacer.default\">\n\t\t\t\t<div class=\"elementor-widget-container\">\n\t\t\t\t\t\t\t<div class=\"elementor-spacer\">\n\t\t\t<div class=\"elementor-spacer-inner\"><\/div>\n\t\t<\/div>\n\t\t\t\t\t\t<\/div>\n\t\t\t\t<\/div>\n\t\t\t\t<div class=\"elementor-element-custom_color elementor-element elementor-element-de1ba3b elementor-widget elementor-widget-text-editor\" data-id=\"de1ba3b\" data-element_type=\"widget\" data-widget_type=\"text-editor.default\">\n\t\t\t\t<div class=\"elementor-widget-container\">\n\t\t\t\t\t\t\t\t\t<h3>SEG Administration centrale\n<\/h3>\nAdministration, r\u00e9ception de formations etc.\n\t\t\t\t\t\t\t\t<\/div>\n\t\t\t\t<\/div>\n\t\t\t\t<div class=\"elementor-element elementor-element-243f0ba elementor-hidden-phone elementor-widget elementor-widget-spacer\" data-id=\"243f0ba\" data-element_type=\"widget\" data-widget_type=\"spacer.default\">\n\t\t\t\t<div class=\"elementor-widget-container\">\n\t\t\t\t\t\t\t<div class=\"elementor-spacer\">\n\t\t\t<div class=\"elementor-spacer-inner\"><\/div>\n\t\t<\/div>\n\t\t\t\t\t\t<\/div>\n\t\t\t\t<\/div>\n\t\t\t\t<div class=\"elementor-element elementor-element-9776938 elementor-widget elementor-widget-image\" data-id=\"9776938\" data-element_type=\"widget\" data-widget_type=\"image.default\">\n\t\t\t\t<div class=\"elementor-widget-container\">\n\t\t\t\t\t\t\t\t\t\t\t\t\t\t\t<img decoding=\"async\" src=\"https:\/\/www.seg-online.de\/home\/wp-content\/uploads\/elementor\/thumbs\/segi-1-r8dpx6nprd2azo0f3fjettfbsldnzhvndi3xyzsfhm.png\" title=\"segi\" alt=\"segi\" loading=\"lazy\" \/>\t\t\t\t\t\t\t\t\t\t\t\t\t\t\t<\/div>\n\t\t\t\t<\/div>\n\t\t\t\t\t<\/div>\n\t\t<\/div>\n\t\t\t\t<div class=\"elementor-column elementor-col-33 elementor-top-column elementor-element elementor-element-7e38870\" data-id=\"7e38870\" data-element_type=\"column\">\n\t\t\t<div class=\"elementor-widget-wrap elementor-element-populated\">\n\t\t\t\t\t\t<div class=\"elementor-element elementor-element-7e5c824 elementor-widget elementor-widget-spacer\" data-id=\"7e5c824\" data-element_type=\"widget\" data-widget_type=\"spacer.default\">\n\t\t\t\t<div class=\"elementor-widget-container\">\n\t\t\t\t\t\t\t<div class=\"elementor-spacer\">\n\t\t\t<div class=\"elementor-spacer-inner\"><\/div>\n\t\t<\/div>\n\t\t\t\t\t\t<\/div>\n\t\t\t\t<\/div>\n\t\t\t\t<div class=\"elementor-element-custom_color elementor-element elementor-element-c9b43f9 elementor-widget elementor-widget-text-editor\" data-id=\"c9b43f9\" data-element_type=\"widget\" data-widget_type=\"text-editor.default\">\n\t\t\t\t<div class=\"elementor-widget-container\">\n\t\t\t\t\t\t\t\t\t<h3>SEG Production invers\u00e9e \n<\/h3>\nD\u00e9veloppement, planification et construction d\u2019installations pour le recyclage d\u2019appareils frigorifiques, l\u2019entretien et la maintenance avec Industrie-Service y compris construction d\u2018installations, gestion dur\u00e9e de vie, r\u00e9vision et production industrielle avec recyclage d\u2019appareils frigorifiques et mousses de construction\n\t\t\t\t\t\t\t\t<\/div>\n\t\t\t\t<\/div>\n\t\t\t\t<div class=\"elementor-element elementor-element-67817fa elementor-hidden-phone elementor-widget elementor-widget-spacer\" data-id=\"67817fa\" data-element_type=\"widget\" data-widget_type=\"spacer.default\">\n\t\t\t\t<div class=\"elementor-widget-container\">\n\t\t\t\t\t\t\t<div class=\"elementor-spacer\">\n\t\t\t<div class=\"elementor-spacer-inner\"><\/div>\n\t\t<\/div>\n\t\t\t\t\t\t<\/div>\n\t\t\t\t<\/div>\n\t\t\t\t\t<\/div>\n\t\t<\/div>\n\t\t\t\t<div class=\"elementor-column elementor-col-33 elementor-top-column elementor-element elementor-element-6e94578\" data-id=\"6e94578\" data-element_type=\"column\">\n\t\t\t<div class=\"elementor-widget-wrap elementor-element-populated\">\n\t\t\t\t\t\t<div class=\"elementor-element elementor-element-bb4f136 elementor-widget elementor-widget-spacer\" data-id=\"bb4f136\" data-element_type=\"widget\" data-widget_type=\"spacer.default\">\n\t\t\t\t<div class=\"elementor-widget-container\">\n\t\t\t\t\t\t\t<div class=\"elementor-spacer\">\n\t\t\t<div class=\"elementor-spacer-inner\"><\/div>\n\t\t<\/div>\n\t\t\t\t\t\t<\/div>\n\t\t\t\t<\/div>\n\t\t\t\t<div class=\"elementor-element-custom_color elementor-element elementor-element-942a3a8 elementor-widget elementor-widget-text-editor\" data-id=\"942a3a8\" data-element_type=\"widget\" data-widget_type=\"text-editor.default\">\n\t\t\t\t<div class=\"elementor-widget-container\">\n\t\t\t\t\t\t\t\t\t<h3>RESSOURCEN CENTER<\/h3><p>Traitement des flux de mati\u00e8res provenant du recyclage d\u2019appareils frigorifiques, production de mati\u00e8res premi\u00e8res secondaires de haute qualit\u00e9 pour la r\u00e9utilisation<\/p>\t\t\t\t\t\t\t\t<\/div>\n\t\t\t\t<\/div>\n\t\t\t\t<div class=\"elementor-element elementor-element-1fe58e6 elementor-widget elementor-widget-spacer\" data-id=\"1fe58e6\" data-element_type=\"widget\" data-widget_type=\"spacer.default\">\n\t\t\t\t<div class=\"elementor-widget-container\">\n\t\t\t\t\t\t\t<div class=\"elementor-spacer\">\n\t\t\t<div class=\"elementor-spacer-inner\"><\/div>\n\t\t<\/div>\n\t\t\t\t\t\t<\/div>\n\t\t\t\t<\/div>\n\t\t\t\t\t<\/div>\n\t\t<\/div>\n\t\t\t\t\t<\/div>\n\t\t<\/section>\n\t\t\t\t<section class=\"elementor-section elementor-top-section elementor-element elementor-element-f6948ee elementor-section-boxed elementor-section-height-default elementor-section-height-default\" data-id=\"f6948ee\" data-element_type=\"section\" data-settings=\"{&quot;background_background&quot;:&quot;classic&quot;}\">\n\t\t\t\t\t\t<div class=\"elementor-container elementor-column-gap-default\">\n\t\t\t\t\t<div class=\"elementor-column elementor-col-50 elementor-top-column elementor-element elementor-element-44adb67\" data-id=\"44adb67\" data-element_type=\"column\">\n\t\t\t<div class=\"elementor-widget-wrap elementor-element-populated\">\n\t\t\t\t\t\t<div class=\"elementor-element elementor-element-622f19a elementor-widget elementor-widget-spacer\" data-id=\"622f19a\" data-element_type=\"widget\" data-widget_type=\"spacer.default\">\n\t\t\t\t<div class=\"elementor-widget-container\">\n\t\t\t\t\t\t\t<div class=\"elementor-spacer\">\n\t\t\t<div class=\"elementor-spacer-inner\"><\/div>\n\t\t<\/div>\n\t\t\t\t\t\t<\/div>\n\t\t\t\t<\/div>\n\t\t\t\t<div class=\"elementor-element elementor-element-63ee0ae elementor-widget elementor-widget-image\" data-id=\"63ee0ae\" data-element_type=\"widget\" data-settings=\"{&quot;_animation&quot;:&quot;none&quot;,&quot;_animation_delay&quot;:300}\" data-widget_type=\"image.default\">\n\t\t\t\t<div class=\"elementor-widget-container\">\n\t\t\t\t\t\t\t\t\t\t\t\t\t\t\t<img decoding=\"async\" width=\"800\" height=\"310\" src=\"https:\/\/www.seg-online.de\/home\/wp-content\/uploads\/2019\/10\/logo-seg-800.png\" class=\"attachment-full size-full wp-image-1947\" alt=\"SEG Umweltservice Logo\" srcset=\"https:\/\/www.seg-online.de\/home\/wp-content\/uploads\/2019\/10\/logo-seg-800.png 800w, https:\/\/www.seg-online.de\/home\/wp-content\/uploads\/2019\/10\/logo-seg-800-300x116.png 300w, https:\/\/www.seg-online.de\/home\/wp-content\/uploads\/2019\/10\/logo-seg-800-768x298.png 768w\" sizes=\"(max-width: 800px) 100vw, 800px\" title=\"\" \/>\t\t\t\t\t\t\t\t\t\t\t\t\t\t\t<\/div>\n\t\t\t\t<\/div>\n\t\t\t\t<div class=\"elementor-element elementor-element-7e095ba elementor-widget elementor-widget-spacer\" data-id=\"7e095ba\" data-element_type=\"widget\" data-widget_type=\"spacer.default\">\n\t\t\t\t<div class=\"elementor-widget-container\">\n\t\t\t\t\t\t\t<div class=\"elementor-spacer\">\n\t\t\t<div class=\"elementor-spacer-inner\"><\/div>\n\t\t<\/div>\n\t\t\t\t\t\t<\/div>\n\t\t\t\t<\/div>\n\t\t\t\t\t<\/div>\n\t\t<\/div>\n\t\t\t\t<div class=\"elementor-column elementor-col-50 elementor-top-column elementor-element elementor-element-dcf6f2e\" data-id=\"dcf6f2e\" data-element_type=\"column\">\n\t\t\t<div class=\"elementor-widget-wrap elementor-element-populated\">\n\t\t\t\t\t\t<div class=\"elementor-element elementor-element-0412213 elementor-hidden-phone elementor-widget elementor-widget-spacer\" data-id=\"0412213\" data-element_type=\"widget\" data-widget_type=\"spacer.default\">\n\t\t\t\t<div class=\"elementor-widget-container\">\n\t\t\t\t\t\t\t<div class=\"elementor-spacer\">\n\t\t\t<div class=\"elementor-spacer-inner\"><\/div>\n\t\t<\/div>\n\t\t\t\t\t\t<\/div>\n\t\t\t\t<\/div>\n\t\t\t\t<div class=\"elementor-element-custom_font_size elementor-element-custom_line_height elementor-element-custom_color elementor-element elementor-element-e618b38 elementor-widget elementor-widget-text-editor\" data-id=\"e618b38\" data-element_type=\"widget\" data-widget_type=\"text-editor.default\">\n\t\t\t\t<div class=\"elementor-widget-container\">\n\t\t\t\t\t\t\t\t\t<h2>Ces faits repr\u00e9sentent l\u2019offre de SEG unique au monde\n<\/h2>\t\t\t\t\t\t\t\t<\/div>\n\t\t\t\t<\/div>\n\t\t\t\t<div class=\"elementor-element-custom_color elementor-element elementor-element-4c84499 elementor-widget elementor-widget-text-editor\" data-id=\"4c84499\" data-element_type=\"widget\" data-widget_type=\"text-editor.default\">\n\t\t\t\t<div class=\"elementor-widget-container\">\n\t\t\t\t\t\t\t\t\t<ul class=\"liste-unternehmen\">\n \t<li>Plus de 30 ans d\u2019exp\u00e9rience dans le recyclage d\u2019appareils frigorifiques\n<\/li>\n \t<li>Constructeur et exploitant d\u2019installations\n<\/li>\n \t<li>Volont\u00e9 d\u2019investir continuellement dans l\u2019optimisation du processus\n<\/li>\n \t<li>Fixer des crit\u00e8res de r\u00e9f\u00e9rence pour la revalorisation d\u2018appareils frigorifiques<\/li>\n \t<li>Solutions \u00e0 boucle ferm\u00e9e (Closed-Loop) du recyclage \u00e0 travers la valorisation de\n   mat\u00e9riaux recycl\u00e9s jusqu\u2019\u00e0 la fabrication de nouveaux produits \u2013 tout sous le m\u00eame \n   toit\n<\/li>\n \t<li>D\u00e9partement de recherche et d\u00e9veloppement propre pour le d\u00e9veloppement\n    permanent et l\u2018optimisation\n<\/li>\n<\/ul>\t\t\t\t\t\t\t\t<\/div>\n\t\t\t\t<\/div>\n\t\t\t\t\t<\/div>\n\t\t<\/div>\n\t\t\t\t\t<\/div>\n\t\t<\/section>\n\t\t\t\t<\/div>\n\t\t","protected":false},"excerpt":{"rendered":"<p>SEG: Protection du climat, qualit\u00e9 et avenir\u00a0 Depuis sa cr\u00e9ation en 1987 \u00e0 Mettlach sur la Saar, la SEG Umwelt-Service GmbH se pr\u00e9occupe de pr\u00e9servation de ressources et la protection du climat. A la fin de ann\u00e9es 80, le danger potentiel de FCKW \/ KW devenait de plus en plus le centre d\u2019int\u00e9r\u00eat de discussions [&hellip;]<\/p>\n","protected":false},"author":1,"featured_media":0,"parent":0,"menu_order":0,"comment_status":"closed","ping_status":"closed","template":"","meta":{"footnotes":""},"class_list":["post-2786","page","type-page","status-publish","hentry"],"_links":{"self":[{"href":"https:\/\/www.seg-online.de\/home\/wp-json\/wp\/v2\/pages\/2786","targetHints":{"allow":["GET"]}}],"collection":[{"href":"https:\/\/www.seg-online.de\/home\/wp-json\/wp\/v2\/pages"}],"about":[{"href":"https:\/\/www.seg-online.de\/home\/wp-json\/wp\/v2\/types\/page"}],"author":[{"embeddable":true,"href":"https:\/\/www.seg-online.de\/home\/wp-json\/wp\/v2\/users\/1"}],"replies":[{"embeddable":true,"href":"https:\/\/www.seg-online.de\/home\/wp-json\/wp\/v2\/comments?post=2786"}],"version-history":[{"count":6,"href":"https:\/\/www.seg-online.de\/home\/wp-json\/wp\/v2\/pages\/2786\/revisions"}],"predecessor-version":[{"id":3600,"href":"https:\/\/www.seg-online.de\/home\/wp-json\/wp\/v2\/pages\/2786\/revisions\/3600"}],"wp:attachment":[{"href":"https:\/\/www.seg-online.de\/home\/wp-json\/wp\/v2\/media?parent=2786"}],"curies":[{"name":"wp","href":"https:\/\/api.w.org\/{rel}","templated":true}]}}