{"id":2753,"date":"2019-09-12T12:31:31","date_gmt":"2019-09-12T10:31:31","guid":{"rendered":"https:\/\/www.seg-online.de\/home\/regranulat\/"},"modified":"2023-04-03T17:42:22","modified_gmt":"2023-04-03T15:42:22","slug":"regranulat","status":"publish","type":"page","link":"https:\/\/www.seg-online.de\/home\/regranulat\/?lang=fr","title":{"rendered":"Regranulat"},"content":{"rendered":"\t\t<div data-elementor-type=\"wp-post\" data-elementor-id=\"2753\" class=\"elementor elementor-2753\">\n\t\t\t\t\t\t<section class=\"elementor-section elementor-top-section elementor-element elementor-element-ad17c29 elementor-section-boxed elementor-section-height-default elementor-section-height-default\" data-id=\"ad17c29\" data-element_type=\"section\">\n\t\t\t\t\t\t<div class=\"elementor-container elementor-column-gap-default\">\n\t\t\t\t\t<div class=\"elementor-column elementor-col-100 elementor-top-column elementor-element elementor-element-f87aeee\" data-id=\"f87aeee\" data-element_type=\"column\">\n\t\t\t<div class=\"elementor-widget-wrap elementor-element-populated\">\n\t\t\t\t\t\t<div class=\"elementor-element elementor-element-e7e5a56 elementor-widget elementor-widget-text-editor\" data-id=\"e7e5a56\" data-element_type=\"widget\" data-widget_type=\"text-editor.default\">\n\t\t\t\t<div class=\"elementor-widget-container\">\n\t\t\t\t\t\t\t\t\t<h3>Par le recyclage dans nos \u201emines urbaines\u201c r\u00e9sulte le regranulat ECO de qualit\u00e9, durable, r\u00e9duisant le CO2 post-consommation et r\u00e9alise ainsi d\u00e9j\u00e0 maintenant par excellence l\u2019\u00e9conomie circulaire de l\u2019avenir.\n<\/h3>\t\t\t\t\t\t\t\t<\/div>\n\t\t\t\t<\/div>\n\t\t\t\t\t<\/div>\n\t\t<\/div>\n\t\t\t\t\t<\/div>\n\t\t<\/section>\n\t\t\t\t<section class=\"elementor-section elementor-top-section elementor-element elementor-element-6cc1935 elementor-section-boxed elementor-section-height-default elementor-section-height-default\" data-id=\"6cc1935\" data-element_type=\"section\">\n\t\t\t\t\t\t<div class=\"elementor-container elementor-column-gap-default\">\n\t\t\t\t\t<div class=\"elementor-column elementor-col-25 elementor-top-column elementor-element elementor-element-b88f6eb\" data-id=\"b88f6eb\" data-element_type=\"column\">\n\t\t\t<div class=\"elementor-widget-wrap\">\n\t\t\t\t\t\t\t<\/div>\n\t\t<\/div>\n\t\t\t\t<div class=\"elementor-column elementor-col-25 elementor-top-column elementor-element elementor-element-8bd398b\" data-id=\"8bd398b\" data-element_type=\"column\">\n\t\t\t<div class=\"elementor-widget-wrap elementor-element-populated\">\n\t\t\t\t\t\t<div class=\"gt3-core-button--alignment_center elementor-element elementor-element-a4bd90d regranulat-button elementor-widget elementor-widget-gt3-core-button\" data-id=\"a4bd90d\" data-element_type=\"widget\" data-widget_type=\"gt3-core-button.default\">\n\t\t\t\t<div class=\"elementor-widget-container\">\n\t\t\t\t\t\t<div class=\"gt3_module_button_elementor size_normal alignment_center button_icon_none hover_none \">\r\n\t\t<a class=\"button_size_elementor_normal alignment_center border_icon_none hover_none btn_icon_position_left\" href=\"https:\/\/www.seg-online.de\/home\/eco-abs\/?lang=fr\">\r\n\t\t\t\t<span class=\"gt3_module_button__container\">\r\n\t\t\t\t\t\t\t\t\t\t\t<span class=\"gt3_module_button__cover front\"><span class=\"elementor_gt3_btn_text\">ECO ABS<\/span><\/span>\r\n\t\t\t\t\t\t\t\t\t\t\t\t\t\t\t<\/span>\r\n\t\t<\/a>\r\n\t<\/div>\r\n\r\n<script type=\"application\/json\" id=\"settings--a4bd90d\">[]<\/script>\t\t\t\t<\/div>\n\t\t\t\t<\/div>\n\t\t\t\t\t<\/div>\n\t\t<\/div>\n\t\t\t\t<div class=\"elementor-column elementor-col-25 elementor-top-column elementor-element elementor-element-edb2ffb\" data-id=\"edb2ffb\" data-element_type=\"column\">\n\t\t\t<div class=\"elementor-widget-wrap elementor-element-populated\">\n\t\t\t\t\t\t<div class=\"gt3-core-button--alignment_center elementor-element elementor-element-19bb3d7 regranulat-button elementor-widget elementor-widget-gt3-core-button\" data-id=\"19bb3d7\" data-element_type=\"widget\" data-widget_type=\"gt3-core-button.default\">\n\t\t\t\t<div class=\"elementor-widget-container\">\n\t\t\t\t\t\t<div class=\"gt3_module_button_elementor size_normal alignment_center button_icon_none hover_none \">\r\n\t\t<a class=\"button_size_elementor_normal alignment_center border_icon_none hover_none btn_icon_position_left\" href=\"https:\/\/www.seg-online.de\/home\/eco-ps\/?lang=fr\">\r\n\t\t\t\t<span class=\"gt3_module_button__container\">\r\n\t\t\t\t\t\t\t\t\t\t\t<span class=\"gt3_module_button__cover front\"><span class=\"elementor_gt3_btn_text\">ECO PS<\/span><\/span>\r\n\t\t\t\t\t\t\t\t\t\t\t\t\t\t\t<\/span>\r\n\t\t<\/a>\r\n\t<\/div>\r\n\r\n<script type=\"application\/json\" id=\"settings--19bb3d7\">[]<\/script>\t\t\t\t<\/div>\n\t\t\t\t<\/div>\n\t\t\t\t\t<\/div>\n\t\t<\/div>\n\t\t\t\t<div class=\"elementor-column elementor-col-25 elementor-top-column elementor-element elementor-element-08aad6d\" data-id=\"08aad6d\" data-element_type=\"column\">\n\t\t\t<div class=\"elementor-widget-wrap\">\n\t\t\t\t\t\t\t<\/div>\n\t\t<\/div>\n\t\t\t\t\t<\/div>\n\t\t<\/section>\n\t\t\t\t<section class=\"elementor-section elementor-top-section elementor-element elementor-element-b6d6b37 gt3_img_brands elementor-section-stretched elementor-section-boxed elementor-section-height-default elementor-section-height-default\" data-id=\"b6d6b37\" data-element_type=\"section\" data-settings=\"{&quot;background_background&quot;:&quot;classic&quot;,&quot;stretch_section&quot;:&quot;section-stretched&quot;}\">\n\t\t\t\t\t\t<div class=\"elementor-container elementor-column-gap-default\">\n\t\t\t\t\t<div class=\"elementor-column elementor-col-50 elementor-top-column elementor-element elementor-element-ff1a54f\" data-id=\"ff1a54f\" data-element_type=\"column\">\n\t\t\t<div class=\"elementor-widget-wrap elementor-element-populated\">\n\t\t\t\t\t\t<div class=\"elementor-element elementor-element-d20afd3 elementor-widget elementor-widget-gt3-core-emptyspace\" data-id=\"d20afd3\" data-element_type=\"widget\" data-widget_type=\"gt3-core-emptyspace.default\">\n\t\t\t\t<div class=\"elementor-widget-container\">\n\t\t\t\t\t\t<div class=\"gt3_emptyspace_block\" data-block-title=\"EmptySpace Widget\">\r\n\t\t<div class=\"gt3_es gt3_es_default\"><\/div>\t<\/div>\r\n\t\t\t\t<\/div>\n\t\t\t\t<\/div>\n\t\t\t\t<div class=\"elementor-element elementor-element-a96a3b0 elementor-widget elementor-widget-heading\" data-id=\"a96a3b0\" data-element_type=\"widget\" data-widget_type=\"heading.default\">\n\t\t\t\t<div class=\"elementor-widget-container\">\n\t\t\t\t\t<h1 class=\"elementor-heading-title elementor-size-xxl\">CONTACT\n<\/h1>\t\t\t\t<\/div>\n\t\t\t\t<\/div>\n\t\t\t\t<div class=\"elementor-element elementor-element-b8ccef8 elementor-widget elementor-widget-gt3-core-emptyspace\" data-id=\"b8ccef8\" data-element_type=\"widget\" data-widget_type=\"gt3-core-emptyspace.default\">\n\t\t\t\t<div class=\"elementor-widget-container\">\n\t\t\t\t\t\t<div class=\"gt3_emptyspace_block\" data-block-title=\"EmptySpace Widget\">\r\n\t\t<div class=\"gt3_es gt3_es_default\"><\/div>\t<\/div>\r\n\t\t\t\t<\/div>\n\t\t\t\t<\/div>\n\t\t\t\t\t<\/div>\n\t\t<\/div>\n\t\t\t\t<div class=\"elementor-column elementor-col-50 elementor-top-column elementor-element elementor-element-a3b8cd6\" data-id=\"a3b8cd6\" data-element_type=\"column\">\n\t\t\t<div class=\"elementor-widget-wrap elementor-element-populated\">\n\t\t\t\t\t\t<div class=\"elementor-element elementor-element-dc2c2f8 elementor-widget elementor-widget-gt3-core-emptyspace\" data-id=\"dc2c2f8\" data-element_type=\"widget\" data-widget_type=\"gt3-core-emptyspace.default\">\n\t\t\t\t<div class=\"elementor-widget-container\">\n\t\t\t\t\t\t<div class=\"gt3_emptyspace_block\" data-block-title=\"EmptySpace Widget\">\r\n\t\t<div class=\"gt3_es gt3_es_default\"><\/div>\t<\/div>\r\n\t\t\t\t<\/div>\n\t\t\t\t<\/div>\n\t\t\t\t<section class=\"elementor-section elementor-inner-section elementor-element elementor-element-054f8cf elementor-section-boxed elementor-section-height-default elementor-section-height-default\" data-id=\"054f8cf\" data-element_type=\"section\">\n\t\t\t\t\t\t<div class=\"elementor-container elementor-column-gap-default\">\n\t\t\t\t\t<div class=\"elementor-column elementor-col-50 elementor-inner-column elementor-element elementor-element-0b0c1da\" data-id=\"0b0c1da\" data-element_type=\"column\">\n\t\t\t<div class=\"elementor-widget-wrap elementor-element-populated\">\n\t\t\t\t\t\t<div class=\"elementor-element elementor-element-6780cad elementor-widget elementor-widget-html\" data-id=\"6780cad\" data-element_type=\"widget\" data-widget_type=\"html.default\">\n\t\t\t\t<div class=\"elementor-widget-container\">\n\t\t\t\t\t<a href=\"mailto:info@usg.at\"style=\"color:#262b2b\"><strong>E-Mail:<\/strong> info@usg.at<\/a>\t\t\t\t<\/div>\n\t\t\t\t<\/div>\n\t\t\t\t\t<\/div>\n\t\t<\/div>\n\t\t\t\t<div class=\"elementor-column elementor-col-50 elementor-inner-column elementor-element elementor-element-2ba27c8\" data-id=\"2ba27c8\" data-element_type=\"column\">\n\t\t\t<div class=\"elementor-widget-wrap elementor-element-populated\">\n\t\t\t\t\t\t<div class=\"elementor-element elementor-element-eb248f4 elementor-widget elementor-widget-html\" data-id=\"eb248f4\" data-element_type=\"widget\" data-widget_type=\"html.default\">\n\t\t\t\t<div class=\"elementor-widget-container\">\n\t\t\t\t\t<a href=\"tel:0043724220882240\" style=\"color:#262b2b\"><strong>T\u00e9l\u00e9phone:<\/strong> +43 7242 2088 2240<\/a>\t\t\t\t<\/div>\n\t\t\t\t<\/div>\n\t\t\t\t\t<\/div>\n\t\t<\/div>\n\t\t\t\t\t<\/div>\n\t\t<\/section>\n\t\t\t\t<div class=\"elementor-element elementor-element-85c02e8 elementor-widget elementor-widget-gt3-core-emptyspace\" data-id=\"85c02e8\" data-element_type=\"widget\" data-widget_type=\"gt3-core-emptyspace.default\">\n\t\t\t\t<div class=\"elementor-widget-container\">\n\t\t\t\t\t\t<div class=\"gt3_emptyspace_block\" data-block-title=\"EmptySpace Widget\">\r\n\t\t<div class=\"gt3_es gt3_es_default\"><\/div>\t<\/div>\r\n\t\t\t\t<\/div>\n\t\t\t\t<\/div>\n\t\t\t\t\t<\/div>\n\t\t<\/div>\n\t\t\t\t\t<\/div>\n\t\t<\/section>\n\t\t\t\t<\/div>\n\t\t","protected":false},"excerpt":{"rendered":"<p>Par le recyclage dans nos \u201emines urbaines\u201c r\u00e9sulte le regranulat ECO de qualit\u00e9, durable, r\u00e9duisant le CO2 post-consommation et r\u00e9alise ainsi d\u00e9j\u00e0 maintenant par excellence l\u2019\u00e9conomie circulaire de l\u2019avenir. ECO ABS ECO PS CONTACT E-Mail: info@usg.at T\u00e9l\u00e9phone: +43 7242 2088 2240<\/p>\n","protected":false},"author":1,"featured_media":0,"parent":0,"menu_order":0,"comment_status":"closed","ping_status":"closed","template":"","meta":{"footnotes":""},"class_list":["post-2753","page","type-page","status-publish","hentry"],"_links":{"self":[{"href":"https:\/\/www.seg-online.de\/home\/wp-json\/wp\/v2\/pages\/2753","targetHints":{"allow":["GET"]}}],"collection":[{"href":"https:\/\/www.seg-online.de\/home\/wp-json\/wp\/v2\/pages"}],"about":[{"href":"https:\/\/www.seg-online.de\/home\/wp-json\/wp\/v2\/types\/page"}],"author":[{"embeddable":true,"href":"https:\/\/www.seg-online.de\/home\/wp-json\/wp\/v2\/users\/1"}],"replies":[{"embeddable":true,"href":"https:\/\/www.seg-online.de\/home\/wp-json\/wp\/v2\/comments?post=2753"}],"version-history":[{"count":7,"href":"https:\/\/www.seg-online.de\/home\/wp-json\/wp\/v2\/pages\/2753\/revisions"}],"predecessor-version":[{"id":3548,"href":"https:\/\/www.seg-online.de\/home\/wp-json\/wp\/v2\/pages\/2753\/revisions\/3548"}],"wp:attachment":[{"href":"https:\/\/www.seg-online.de\/home\/wp-json\/wp\/v2\/media?parent=2753"}],"curies":[{"name":"wp","href":"https:\/\/api.w.org\/{rel}","templated":true}]}}