{"id":2042,"date":"2020-03-03T14:58:32","date_gmt":"2020-03-03T13:58:32","guid":{"rendered":"https:\/\/www.seg-online.de\/home\/?page_id=2042"},"modified":"2026-03-23T13:43:29","modified_gmt":"2026-03-23T12:43:29","slug":"co2-zertifikate","status":"publish","type":"page","link":"https:\/\/www.seg-online.de\/home\/zertifikate\/","title":{"rendered":"Zertifikate"},"content":{"rendered":"\t\t<div data-elementor-type=\"wp-post\" data-elementor-id=\"2042\" class=\"elementor elementor-2042\">\n\t\t\t\t\t\t<section class=\"elementor-section elementor-top-section elementor-element elementor-element-8af093f elementor-section-boxed elementor-section-height-default elementor-section-height-default\" data-id=\"8af093f\" data-element_type=\"section\">\n\t\t\t\t\t\t<div class=\"elementor-container elementor-column-gap-default\">\n\t\t\t\t\t<div class=\"elementor-column elementor-col-100 elementor-top-column elementor-element elementor-element-2fb6c6b\" data-id=\"2fb6c6b\" data-element_type=\"column\">\n\t\t\t<div class=\"elementor-widget-wrap elementor-element-populated\">\n\t\t\t\t\t\t<div class=\"elementor-element elementor-element-a011280 elementor-widget elementor-widget-spacer\" data-id=\"a011280\" data-element_type=\"widget\" data-widget_type=\"spacer.default\">\n\t\t\t\t<div class=\"elementor-widget-container\">\n\t\t\t\t\t\t\t<div class=\"elementor-spacer\">\n\t\t\t<div class=\"elementor-spacer-inner\"><\/div>\n\t\t<\/div>\n\t\t\t\t\t\t<\/div>\n\t\t\t\t<\/div>\n\t\t\t\t<div class=\"elementor-element-custom_font_size elementor-element-custom_font_size_mobile elementor-element-custom_line_height elementor-element-custom_color elementor-element elementor-element-fa023f8 elementor-widget elementor-widget-text-editor\" data-id=\"fa023f8\" data-element_type=\"widget\" data-widget_type=\"text-editor.default\">\n\t\t\t\t<div class=\"elementor-widget-container\">\n\t\t\t\t\t\t\t\t\t<h2>Klimaschutz&shy;zertifkate<\/h2>\t\t\t\t\t\t\t\t<\/div>\n\t\t\t\t<\/div>\n\t\t\t\t\t<\/div>\n\t\t<\/div>\n\t\t\t\t\t<\/div>\n\t\t<\/section>\n\t\t\t\t<section class=\"elementor-section elementor-top-section elementor-element elementor-element-c26d0ca elementor-section-boxed elementor-section-height-default elementor-section-height-default\" data-id=\"c26d0ca\" data-element_type=\"section\">\n\t\t\t\t\t\t<div class=\"elementor-container elementor-column-gap-default\">\n\t\t\t\t\t<div class=\"elementor-column elementor-col-100 elementor-top-column elementor-element elementor-element-3082547\" data-id=\"3082547\" data-element_type=\"column\">\n\t\t\t<div class=\"elementor-widget-wrap elementor-element-populated\">\n\t\t\t\t\t\t<div class=\"elementor-element elementor-element-a72ebc8 elementor-widget elementor-widget-text-editor\" data-id=\"a72ebc8\" data-element_type=\"widget\" data-widget_type=\"text-editor.default\">\n\t\t\t\t<div class=\"elementor-widget-container\">\n\t\t\t\t\t\t\t\t\t<p style=\"text-align: center;\">Durch die R\u00fcckproduktion nach den Kriterien der RAL-G\u00fctegemeinschaft k\u00f6nnen f\u00fcr jedes Kilogramm r\u00fcckproduzierte K\u00fchlger\u00e4te Klimaschutzzertifikate generiert werden, die durch die RAL-G\u00fctegemeinschaft erteilt werden.<\/p>\t\t\t\t\t\t\t\t<\/div>\n\t\t\t\t<\/div>\n\t\t\t\t<div class=\"elementor-element elementor-element-f38b3f0 elementor-widget elementor-widget-spacer\" data-id=\"f38b3f0\" data-element_type=\"widget\" data-widget_type=\"spacer.default\">\n\t\t\t\t<div class=\"elementor-widget-container\">\n\t\t\t\t\t\t\t<div class=\"elementor-spacer\">\n\t\t\t<div class=\"elementor-spacer-inner\"><\/div>\n\t\t<\/div>\n\t\t\t\t\t\t<\/div>\n\t\t\t\t<\/div>\n\t\t\t\t\t<\/div>\n\t\t<\/div>\n\t\t\t\t\t<\/div>\n\t\t<\/section>\n\t\t\t\t<section class=\"elementor-section elementor-top-section elementor-element elementor-element-04639c9 elementor-section-boxed elementor-section-height-default elementor-section-height-default\" data-id=\"04639c9\" data-element_type=\"section\">\n\t\t\t\t\t\t<div class=\"elementor-container elementor-column-gap-default\">\n\t\t\t\t\t<div class=\"elementor-column elementor-col-33 elementor-top-column elementor-element elementor-element-0a5ea45\" data-id=\"0a5ea45\" data-element_type=\"column\">\n\t\t\t<div class=\"elementor-widget-wrap elementor-element-populated\">\n\t\t\t\t\t\t<div class=\"elementor-element elementor-element-7f91549 elementor-widget elementor-widget-image\" data-id=\"7f91549\" data-element_type=\"widget\" data-widget_type=\"image.default\">\n\t\t\t\t<div class=\"elementor-widget-container\">\n\t\t\t\t\t\t\t\t\t\t\t\t\t\t\t<img fetchpriority=\"high\" decoding=\"async\" width=\"295\" height=\"411\" src=\"https:\/\/www.seg-online.de\/home\/wp-content\/uploads\/2024\/05\/2020_ral-print-zertifikat-ecotrel.jpg\" class=\"attachment-full size-full wp-image-3800\" alt=\"\" srcset=\"https:\/\/www.seg-online.de\/home\/wp-content\/uploads\/2024\/05\/2020_ral-print-zertifikat-ecotrel.jpg 295w, https:\/\/www.seg-online.de\/home\/wp-content\/uploads\/2024\/05\/2020_ral-print-zertifikat-ecotrel-215x300.jpg 215w\" sizes=\"(max-width: 295px) 100vw, 295px\" title=\"2020 RAL Print Zertifikat ECOTREL\" \/>\t\t\t\t\t\t\t\t\t\t\t\t\t\t\t<\/div>\n\t\t\t\t<\/div>\n\t\t\t\t\t<\/div>\n\t\t<\/div>\n\t\t\t\t<div class=\"elementor-column elementor-col-33 elementor-top-column elementor-element elementor-element-92acef3\" data-id=\"92acef3\" data-element_type=\"column\">\n\t\t\t<div class=\"elementor-widget-wrap elementor-element-populated\">\n\t\t\t\t\t\t<div class=\"elementor-element elementor-element-2d75580 elementor-widget elementor-widget-image\" data-id=\"2d75580\" data-element_type=\"widget\" data-widget_type=\"image.default\">\n\t\t\t\t<div class=\"elementor-widget-container\">\n\t\t\t\t\t\t\t\t\t\t\t\t\t\t\t<img decoding=\"async\" width=\"295\" height=\"417\" src=\"https:\/\/www.seg-online.de\/home\/wp-content\/uploads\/2024\/05\/2021_ral-print-zertifikat-ecotrel.jpg\" class=\"attachment-full size-full wp-image-3804\" alt=\"\" srcset=\"https:\/\/www.seg-online.de\/home\/wp-content\/uploads\/2024\/05\/2021_ral-print-zertifikat-ecotrel.jpg 295w, https:\/\/www.seg-online.de\/home\/wp-content\/uploads\/2024\/05\/2021_ral-print-zertifikat-ecotrel-212x300.jpg 212w\" sizes=\"(max-width: 295px) 100vw, 295px\" title=\"2021 RAL Print Zertifikat ECOTREL\" \/>\t\t\t\t\t\t\t\t\t\t\t\t\t\t\t<\/div>\n\t\t\t\t<\/div>\n\t\t\t\t\t<\/div>\n\t\t<\/div>\n\t\t\t\t<div class=\"elementor-column elementor-col-33 elementor-top-column elementor-element elementor-element-d8121c8\" data-id=\"d8121c8\" data-element_type=\"column\">\n\t\t\t<div class=\"elementor-widget-wrap elementor-element-populated\">\n\t\t\t\t\t\t<div class=\"elementor-element elementor-element-6285300 elementor-widget elementor-widget-image\" data-id=\"6285300\" data-element_type=\"widget\" data-widget_type=\"image.default\">\n\t\t\t\t<div class=\"elementor-widget-container\">\n\t\t\t\t\t\t\t\t\t\t\t\t\t\t\t<img decoding=\"async\" width=\"295\" height=\"417\" src=\"https:\/\/www.seg-online.de\/home\/wp-content\/uploads\/2024\/05\/2022_ral-print-zertifikat-ecotrel.jpg\" class=\"attachment-full size-full wp-image-3807\" alt=\"\" srcset=\"https:\/\/www.seg-online.de\/home\/wp-content\/uploads\/2024\/05\/2022_ral-print-zertifikat-ecotrel.jpg 295w, https:\/\/www.seg-online.de\/home\/wp-content\/uploads\/2024\/05\/2022_ral-print-zertifikat-ecotrel-212x300.jpg 212w\" sizes=\"(max-width: 295px) 100vw, 295px\" title=\"2022 RAL Print Zertifikat ECOTREL\" \/>\t\t\t\t\t\t\t\t\t\t\t\t\t\t\t<\/div>\n\t\t\t\t<\/div>\n\t\t\t\t\t<\/div>\n\t\t<\/div>\n\t\t\t\t\t<\/div>\n\t\t<\/section>\n\t\t\t\t<section class=\"elementor-section elementor-top-section elementor-element elementor-element-8e83189 elementor-section-boxed elementor-section-height-default elementor-section-height-default\" data-id=\"8e83189\" data-element_type=\"section\">\n\t\t\t\t\t\t<div class=\"elementor-container elementor-column-gap-default\">\n\t\t\t\t\t<div class=\"elementor-column elementor-col-33 elementor-top-column elementor-element elementor-element-c467d52\" data-id=\"c467d52\" data-element_type=\"column\">\n\t\t\t<div class=\"elementor-widget-wrap elementor-element-populated\">\n\t\t\t\t\t\t<div class=\"elementor-element elementor-element-3397def elementor-widget elementor-widget-image\" data-id=\"3397def\" data-element_type=\"widget\" data-widget_type=\"image.default\">\n\t\t\t\t<div class=\"elementor-widget-container\">\n\t\t\t\t\t\t\t\t\t\t\t\t\t\t\t\t<a href=\"https:\/\/www.seg-online.de\/home\/wp-content\/uploads\/2025\/08\/schmuckzertifikat-elektrog-2026.pdf\" target=\"_blank\">\n\t\t\t\t\t\t\t<img loading=\"lazy\" decoding=\"async\" width=\"295\" height=\"417\" src=\"https:\/\/www.seg-online.de\/home\/wp-content\/uploads\/2025\/06\/schmuckzertifikat-elektrog-2026.jpg\" class=\"attachment-full size-full wp-image-3860\" alt=\"ElektroG\" srcset=\"https:\/\/www.seg-online.de\/home\/wp-content\/uploads\/2025\/06\/schmuckzertifikat-elektrog-2026.jpg 295w, https:\/\/www.seg-online.de\/home\/wp-content\/uploads\/2025\/06\/schmuckzertifikat-elektrog-2026-212x300.jpg 212w\" sizes=\"(max-width: 295px) 100vw, 295px\" title=\"ElektroG\" \/>\t\t\t\t\t\t\t\t<\/a>\n\t\t\t\t\t\t\t\t\t\t\t\t\t\t\t<\/div>\n\t\t\t\t<\/div>\n\t\t\t\t\t<\/div>\n\t\t<\/div>\n\t\t\t\t<div class=\"elementor-column elementor-col-33 elementor-top-column elementor-element elementor-element-928c66c\" data-id=\"928c66c\" data-element_type=\"column\">\n\t\t\t<div class=\"elementor-widget-wrap elementor-element-populated\">\n\t\t\t\t\t\t<div class=\"elementor-element elementor-element-dc43a0f elementor-widget elementor-widget-image\" data-id=\"dc43a0f\" data-element_type=\"widget\" data-widget_type=\"image.default\">\n\t\t\t\t<div class=\"elementor-widget-container\">\n\t\t\t\t\t\t\t\t\t\t\t\t\t\t\t\t<a href=\"https:\/\/www.seg-online.de\/home\/wp-content\/uploads\/2025\/08\/schmuckzertifikat-efb-2026.pdf\" target=\"_blank\">\n\t\t\t\t\t\t\t<img loading=\"lazy\" decoding=\"async\" width=\"295\" height=\"417\" src=\"https:\/\/www.seg-online.de\/home\/wp-content\/uploads\/2025\/06\/schmuckzertifikat-efb-2026.jpg\" class=\"attachment-full size-full wp-image-3863\" alt=\"Entsorgungsfachbetrieb\" srcset=\"https:\/\/www.seg-online.de\/home\/wp-content\/uploads\/2025\/06\/schmuckzertifikat-efb-2026.jpg 295w, https:\/\/www.seg-online.de\/home\/wp-content\/uploads\/2025\/06\/schmuckzertifikat-efb-2026-212x300.jpg 212w\" sizes=\"(max-width: 295px) 100vw, 295px\" title=\"Entsorgungsfachbetrieb\" \/>\t\t\t\t\t\t\t\t<\/a>\n\t\t\t\t\t\t\t\t\t\t\t\t\t\t\t<\/div>\n\t\t\t\t<\/div>\n\t\t\t\t\t<\/div>\n\t\t<\/div>\n\t\t\t\t<div class=\"elementor-column elementor-col-33 elementor-top-column elementor-element elementor-element-a0b913d\" data-id=\"a0b913d\" data-element_type=\"column\">\n\t\t\t<div class=\"elementor-widget-wrap elementor-element-populated\">\n\t\t\t\t\t\t<div class=\"elementor-element elementor-element-f5c1c91 elementor-widget elementor-widget-image\" data-id=\"f5c1c91\" data-element_type=\"widget\" data-widget_type=\"image.default\">\n\t\t\t\t<div class=\"elementor-widget-container\">\n\t\t\t\t\t\t\t\t\t\t\t\t\t\t\t\t<a href=\"https:\/\/www.seg-online.de\/home\/wp-content\/uploads\/2025\/08\/recyclass-zertifikat-2026.pdf\" target=\"_blank\">\n\t\t\t\t\t\t\t<img loading=\"lazy\" decoding=\"async\" width=\"295\" height=\"417\" src=\"https:\/\/www.seg-online.de\/home\/wp-content\/uploads\/2025\/06\/recyclass-zertifikat-2026.jpg\" class=\"attachment-full size-full wp-image-3854\" alt=\"RecyClass Zertifikat\" srcset=\"https:\/\/www.seg-online.de\/home\/wp-content\/uploads\/2025\/06\/recyclass-zertifikat-2026.jpg 295w, https:\/\/www.seg-online.de\/home\/wp-content\/uploads\/2025\/06\/recyclass-zertifikat-2026-212x300.jpg 212w\" sizes=\"(max-width: 295px) 100vw, 295px\" title=\"RecyClass Zertifikat\" \/>\t\t\t\t\t\t\t\t<\/a>\n\t\t\t\t\t\t\t\t\t\t\t\t\t\t\t<\/div>\n\t\t\t\t<\/div>\n\t\t\t\t\t<\/div>\n\t\t<\/div>\n\t\t\t\t\t<\/div>\n\t\t<\/section>\n\t\t\t\t<section class=\"elementor-section elementor-top-section elementor-element elementor-element-b42643e elementor-section-boxed elementor-section-height-default elementor-section-height-default\" data-id=\"b42643e\" data-element_type=\"section\">\n\t\t\t\t\t\t<div class=\"elementor-container elementor-column-gap-default\">\n\t\t\t\t\t<div class=\"elementor-column elementor-col-33 elementor-top-column elementor-element elementor-element-580c85e\" data-id=\"580c85e\" data-element_type=\"column\">\n\t\t\t<div class=\"elementor-widget-wrap elementor-element-populated\">\n\t\t\t\t\t\t<div class=\"elementor-element elementor-element-b1b10eb elementor-widget elementor-widget-image\" data-id=\"b1b10eb\" data-element_type=\"widget\" data-widget_type=\"image.default\">\n\t\t\t\t<div class=\"elementor-widget-container\">\n\t\t\t\t\t\t\t\t\t\t\t\t\t\t\t\t<a href=\"https:\/\/www.seg-online.de\/home\/wp-content\/uploads\/2025\/08\/iso-9001-qm-zertifikat-2026.pdf\" target=\"_blank\">\n\t\t\t\t\t\t\t<img loading=\"lazy\" decoding=\"async\" width=\"295\" height=\"417\" src=\"https:\/\/www.seg-online.de\/home\/wp-content\/uploads\/2024\/05\/iso-9001-qm-zertifikat-2026.jpg\" class=\"attachment-full size-full wp-image-3773\" alt=\"\" srcset=\"https:\/\/www.seg-online.de\/home\/wp-content\/uploads\/2024\/05\/iso-9001-qm-zertifikat-2026.jpg 295w, https:\/\/www.seg-online.de\/home\/wp-content\/uploads\/2024\/05\/iso-9001-qm-zertifikat-2026-212x300.jpg 212w\" sizes=\"(max-width: 295px) 100vw, 295px\" title=\"ISO 9001 QM Zertifikat\" \/>\t\t\t\t\t\t\t\t<\/a>\n\t\t\t\t\t\t\t\t\t\t\t\t\t\t\t<\/div>\n\t\t\t\t<\/div>\n\t\t\t\t\t<\/div>\n\t\t<\/div>\n\t\t\t\t<div class=\"elementor-column elementor-col-33 elementor-top-column elementor-element elementor-element-9b8f3ee\" data-id=\"9b8f3ee\" data-element_type=\"column\">\n\t\t\t<div class=\"elementor-widget-wrap elementor-element-populated\">\n\t\t\t\t\t\t<div class=\"elementor-element elementor-element-5cdbe4e elementor-widget elementor-widget-image\" data-id=\"5cdbe4e\" data-element_type=\"widget\" data-widget_type=\"image.default\">\n\t\t\t\t<div class=\"elementor-widget-container\">\n\t\t\t\t\t\t\t\t\t\t\t\t\t\t\t\t<a href=\"https:\/\/www.seg-online.de\/home\/wp-content\/uploads\/2025\/08\/iso-14001-um-zertifikat-2026.pdf\" target=\"_blank\">\n\t\t\t\t\t\t\t<img decoding=\"async\" src=\"https:\/\/www.seg-online.de\/home\/wp-content\/uploads\/2024\/05\/iso-14001-um-zertifikat-2026-1.jpg\" title=\"ISO 14001 UM Zertifikat\" alt=\"ISO 14001 UM Zertifikat\" loading=\"lazy\" \/>\t\t\t\t\t\t\t\t<\/a>\n\t\t\t\t\t\t\t\t\t\t\t\t\t\t\t<\/div>\n\t\t\t\t<\/div>\n\t\t\t\t\t<\/div>\n\t\t<\/div>\n\t\t\t\t<div class=\"elementor-column elementor-col-33 elementor-top-column elementor-element elementor-element-afb528d\" data-id=\"afb528d\" data-element_type=\"column\">\n\t\t\t<div class=\"elementor-widget-wrap elementor-element-populated\">\n\t\t\t\t\t\t<div class=\"elementor-element elementor-element-cefde87 elementor-widget elementor-widget-image\" data-id=\"cefde87\" data-element_type=\"widget\" data-widget_type=\"image.default\">\n\t\t\t\t<div class=\"elementor-widget-container\">\n\t\t\t\t\t\t\t\t\t\t\t\t\t\t\t\t<a href=\"https:\/\/www.seg-online.de\/home\/wp-content\/uploads\/2026\/03\/ral-zertifikat-2026.pdf\" target=\"_blank\">\n\t\t\t\t\t\t\t<img loading=\"lazy\" decoding=\"async\" width=\"295\" height=\"417\" src=\"https:\/\/www.seg-online.de\/home\/wp-content\/uploads\/2026\/03\/ral-zertifikat-2026.jpg\" class=\"attachment-full size-full wp-image-3998\" alt=\"RAL-Zertifikat\" title=\"RAL-Zertifikat\" \/>\t\t\t\t\t\t\t\t<\/a>\n\t\t\t\t\t\t\t\t\t\t\t\t\t\t\t<\/div>\n\t\t\t\t<\/div>\n\t\t\t\t\t<\/div>\n\t\t<\/div>\n\t\t\t\t\t<\/div>\n\t\t<\/section>\n\t\t\t\t<section class=\"elementor-section elementor-top-section elementor-element elementor-element-b923c1f elementor-section-boxed elementor-section-height-default elementor-section-height-default\" data-id=\"b923c1f\" data-element_type=\"section\">\n\t\t\t\t\t\t<div class=\"elementor-container elementor-column-gap-default\">\n\t\t\t\t\t<div class=\"elementor-column elementor-col-33 elementor-top-column elementor-element elementor-element-182e3cd\" data-id=\"182e3cd\" data-element_type=\"column\">\n\t\t\t<div class=\"elementor-widget-wrap elementor-element-populated\">\n\t\t\t\t\t\t<div class=\"elementor-element elementor-element-9e9c447 elementor-widget elementor-widget-image\" data-id=\"9e9c447\" data-element_type=\"widget\" data-widget_type=\"image.default\">\n\t\t\t\t<div class=\"elementor-widget-container\">\n\t\t\t\t\t\t\t\t\t\t\t\t\t\t\t\t<a href=\"https:\/\/www.seg-online.de\/home\/wp-content\/uploads\/2026\/01\/weeelabex-zertifikat-2026.pdf\" target=\"_blank\">\n\t\t\t\t\t\t\t<img loading=\"lazy\" decoding=\"async\" width=\"295\" height=\"417\" src=\"https:\/\/www.seg-online.de\/home\/wp-content\/uploads\/2026\/01\/weeelabex-2026.jpg\" class=\"attachment-full size-full wp-image-3982\" alt=\"Weeelabex\" title=\"Weeelabex\" \/>\t\t\t\t\t\t\t\t<\/a>\n\t\t\t\t\t\t\t\t\t\t\t\t\t\t\t<\/div>\n\t\t\t\t<\/div>\n\t\t\t\t\t<\/div>\n\t\t<\/div>\n\t\t\t\t<div class=\"elementor-column elementor-col-33 elementor-top-column elementor-element elementor-element-8d8e3a1\" data-id=\"8d8e3a1\" data-element_type=\"column\">\n\t\t\t<div class=\"elementor-widget-wrap elementor-element-populated\">\n\t\t\t\t\t\t<div class=\"elementor-element elementor-element-154a27d elementor-widget elementor-widget-image\" data-id=\"154a27d\" data-element_type=\"widget\" data-widget_type=\"image.default\">\n\t\t\t\t<div class=\"elementor-widget-container\">\n\t\t\t\t\t\t\t\t\t\t\t\t\t\t\t\t<a href=\"https:\/\/www.seg-online.de\/home\/wp-content\/uploads\/2025\/08\/ressourcenpotenzial-zertifikat-2025.pdf\" target=\"_blank\">\n\t\t\t\t\t\t\t<img loading=\"lazy\" decoding=\"async\" width=\"295\" height=\"417\" src=\"https:\/\/www.seg-online.de\/home\/wp-content\/uploads\/2025\/06\/ressourcenpotenzial-zertifikat-2025.jpg\" class=\"attachment-full size-full wp-image-3857\" alt=\"Ressourcenpotential Zertifikat\" srcset=\"https:\/\/www.seg-online.de\/home\/wp-content\/uploads\/2025\/06\/ressourcenpotenzial-zertifikat-2025.jpg 295w, https:\/\/www.seg-online.de\/home\/wp-content\/uploads\/2025\/06\/ressourcenpotenzial-zertifikat-2025-212x300.jpg 212w\" sizes=\"(max-width: 295px) 100vw, 295px\" title=\"Ressourcenpotential Zertifikat\" \/>\t\t\t\t\t\t\t\t<\/a>\n\t\t\t\t\t\t\t\t\t\t\t\t\t\t\t<\/div>\n\t\t\t\t<\/div>\n\t\t\t\t\t<\/div>\n\t\t<\/div>\n\t\t\t\t<div class=\"elementor-column elementor-col-33 elementor-top-column elementor-element elementor-element-213029e\" data-id=\"213029e\" data-element_type=\"column\">\n\t\t\t<div class=\"elementor-widget-wrap\">\n\t\t\t\t\t\t\t<\/div>\n\t\t<\/div>\n\t\t\t\t\t<\/div>\n\t\t<\/section>\n\t\t\t\t<section class=\"elementor-section elementor-top-section elementor-element elementor-element-2f54427 elementor-section-boxed elementor-section-height-default elementor-section-height-default\" data-id=\"2f54427\" data-element_type=\"section\">\n\t\t\t\t\t\t<div class=\"elementor-container elementor-column-gap-default\">\n\t\t\t\t\t<div class=\"elementor-column elementor-col-100 elementor-top-column elementor-element elementor-element-42d15a0\" data-id=\"42d15a0\" data-element_type=\"column\">\n\t\t\t<div class=\"elementor-widget-wrap elementor-element-populated\">\n\t\t\t\t\t\t<div class=\"elementor-element elementor-element-228c9a9 elementor-widget elementor-widget-spacer\" data-id=\"228c9a9\" data-element_type=\"widget\" data-widget_type=\"spacer.default\">\n\t\t\t\t<div class=\"elementor-widget-container\">\n\t\t\t\t\t\t\t<div class=\"elementor-spacer\">\n\t\t\t<div class=\"elementor-spacer-inner\"><\/div>\n\t\t<\/div>\n\t\t\t\t\t\t<\/div>\n\t\t\t\t<\/div>\n\t\t\t\t\t<\/div>\n\t\t<\/div>\n\t\t\t\t\t<\/div>\n\t\t<\/section>\n\t\t\t\t<\/div>\n\t\t","protected":false},"excerpt":{"rendered":"<p>Klimaschutz&shy;zertifkate Durch die R\u00fcckproduktion nach den Kriterien der RAL-G\u00fctegemeinschaft k\u00f6nnen f\u00fcr jedes Kilogramm r\u00fcckproduzierte K\u00fchlger\u00e4te Klimaschutzzertifikate generiert werden, die durch die RAL-G\u00fctegemeinschaft erteilt werden.<\/p>\n","protected":false},"author":1,"featured_media":0,"parent":0,"menu_order":0,"comment_status":"closed","ping_status":"closed","template":"","meta":{"footnotes":""},"class_list":["post-2042","page","type-page","status-publish","hentry"],"_links":{"self":[{"href":"https:\/\/www.seg-online.de\/home\/wp-json\/wp\/v2\/pages\/2042","targetHints":{"allow":["GET"]}}],"collection":[{"href":"https:\/\/www.seg-online.de\/home\/wp-json\/wp\/v2\/pages"}],"about":[{"href":"https:\/\/www.seg-online.de\/home\/wp-json\/wp\/v2\/types\/page"}],"author":[{"embeddable":true,"href":"https:\/\/www.seg-online.de\/home\/wp-json\/wp\/v2\/users\/1"}],"replies":[{"embeddable":true,"href":"https:\/\/www.seg-online.de\/home\/wp-json\/wp\/v2\/comments?post=2042"}],"version-history":[{"count":54,"href":"https:\/\/www.seg-online.de\/home\/wp-json\/wp\/v2\/pages\/2042\/revisions"}],"predecessor-version":[{"id":4006,"href":"https:\/\/www.seg-online.de\/home\/wp-json\/wp\/v2\/pages\/2042\/revisions\/4006"}],"wp:attachment":[{"href":"https:\/\/www.seg-online.de\/home\/wp-json\/wp\/v2\/media?parent=2042"}],"curies":[{"name":"wp","href":"https:\/\/api.w.org\/{rel}","templated":true}]}}